{"id":154,"date":"2014-06-02T08:13:59","date_gmt":"2014-06-02T08:13:59","guid":{"rendered":"http:\/\/pixelgrade.com\/demos\/rosa2\/?page_id=154"},"modified":"2017-11-29T17:18:03","modified_gmt":"2017-11-29T16:18:03","slug":"mentions-legales","status":"publish","type":"page","link":"https:\/\/eric-roy.eu\/index.php\/mentions-legales\/","title":{"rendered":"Mentions l\u00e9gales"},"content":{"rendered":"\t<div class=\"pixcode  pixcode--grid  grid\" >\n\t\t\n\t<div class=\"grid__item two-twelfths palm-one-whole\" >\n\t\t\n\t<\/div>\n\n\t<div class=\"grid__item eight-twelfths palm-one-whole\" >\n\t\t\n<h3>mentions l\u00e9gales<\/h3>\n<p><b>Site : <\/b><b><a href=\"http:\/\/eric-roy.eu\" target=\"_blank\" rel=\"noopener noreferrer\">http:\/\/eric-roy.eu<\/a><\/b><\/p>\n<p>Entreprise, organisme :\u00a0SARL\u00a0Eric ROY<br \/>\nAdresse : 89-91 bis rue du Pont &#8211; 89000 Auxerre<br \/>\nT\u00e9l : 03 86 52 35 93<\/p>\n<p>Mail : patisserieroy@orange.fr<br \/>\nSiret\u00a0:\u00a0<span style=\"color: #000000; font-family: arial, helvetica, sans-serif;\"> 434 090 692 000 14<\/span><\/p>\n<p>&nbsp;<\/p>\n<p>R.C.S. AUXERRE\u00a0:\u00a0B\u00a0434 090 692<\/p>\n<p>Capital social : 8000 \u00a0euros<\/p>\n<p>\u2013<\/p>\n<p>Responsable l\u00e9gal :\u00a0Cl\u00e9mence ROY<br \/>\nResponsable \u00e9ditorial, webmaster :\u00a0Fanny VIAUT<br \/>\nResponsable de la publication :\u00a0Cl\u00e9mence ROY<\/p>\n<p>Conception : Agence COMMUNIK&amp;VOUS\u00a0\u00a0| 7 All\u00e9es des Acacias | 89 000 AUXERRE |\u00a0<a href=\"http:\/\/www.communik-vous.com\/\">www.communik-vous.com<\/a><br \/>\nR\u00e9alisation technique : COMMUNIK&amp;VOUS \u2013 <a href=\"http:\/\/www.communik-vous.com\/\">www.communik-vous.com<\/a><\/p>\n<p>Cr\u00e9dits photos : \u00a9Patisserie Eric ROy<\/p>\n<p>\u2013<\/p>\n<p>Coordonn\u00e9es de l\u2019h\u00e9bergeur du site internet : O.V.H, 2 rue Kellermann \u2013 59100 Roubaix \u2013 France<\/p>\n<p>\u2013<\/p>\n<p>Version du site : v1-mai 2017<\/p>\n<p>\u2013<\/p>\n<p><b>Donn\u00e9es personnelles<\/b><\/p>\n<p>Correspondant Informatique et Libert\u00e9 :\u00a0Cl\u00e9mence ROY<\/p>\n<p>Les informations recueillies \u00e0 partir de ce formulaire font l\u2019objet d\u2019un traitement informatique destin\u00e9\u00a0\u00e0 :\u00a0PATISSERIE ROY<\/p>\n<p>Pour la ou les finalit\u00e9(s) suivante(s) :\u00a0La promotion des s\u00e9jours \u00e9questres aupr\u00e8s de enfants et adolescents, la bonne gestion de notre client\u00e8le et de nos partenaires<\/p>\n<p>Le ou les\u00a0destinataire(s) des donn\u00e9es sont : Service commercial<\/p>\n<p>Conform\u00e9ment \u00e0 la <a href=\"https:\/\/www.cnil.fr\/fr\/loi-78-17-du-6-janvier-1978-modifiee\">loi \u00ab informatique et libert\u00e9s \u00bb du 6 janvier 1978 modifi\u00e9e<\/a>, vous disposez d\u2019un\u00a0<a href=\"https:\/\/www.cnil.fr\/fr\/le-droit-dacces\">droit d\u2019acc\u00e8s<\/a> et <a href=\"https:\/\/www.cnil.fr\/fr\/le-droit-de-rectification\">de rectification<\/a> aux informations qui vous concernent.<\/p>\n<p>Vous pouvez acc\u00e9der aux informations vous concernant\u00a0en vous adressant \u00e0\u00a0: P\u00e2tisserie Eric ROY\u00a0, par email \u00e0 patisserieroy@orange.fr\u00a0\u00a0et\/ou par courrier au secr\u00e9tariat de direction, 89-91 bis rue du Pont &#8211; 89000 Auxerre (France).<\/p>\n<p>Vous pouvez \u00e9galement, pour des motifs l\u00e9gitimes, <a href=\"https:\/\/www.cnil.fr\/fr\/le-droit-dopposition\">vous opposer\u00a0au traitement des donn\u00e9es vous concernant<\/a>. Pour en savoir plus, <a href=\"https:\/\/www.cnil.fr\/fr\/comprendre-vos-droits\">consultez\u00a0vos droits sur le site de la CNIL<\/a>.<\/p>\n<p>\u2013<\/p>\n<p><b>Propri\u00e9t\u00e9<\/b><\/p>\n<p>Le site et les informations qu\u2019il contient sont prot\u00e9g\u00e9s par la loi fran\u00e7aise sur la propri\u00e9t\u00e9 intellectuelle et par les conventions internationales. Le site (ou des \u00e9l\u00e9ments de son contenu) ne peut \u00eatre ni reproduit, ni republi\u00e9, ni retranscrit, ni modifi\u00e9, ni retransmis sans l\u2019autorisation pr\u00e9alable des ayants droits par \u00e9crit (cela ne concerne pas l\u2019utilisation dans le cercle de famille ni l\u2019usage priv\u00e9).<\/p>\n\t<\/div>\n\n\t<\/div>\n\n","protected":false},"excerpt":{"rendered":"","protected":false},"author":1,"featured_media":0,"parent":0,"menu_order":0,"comment_status":"closed","ping_status":"closed","template":"","meta":{"_exactmetrics_skip_tracking":false,"_exactmetrics_sitenote_active":false,"_exactmetrics_sitenote_note":"","_exactmetrics_sitenote_category":0,"footnotes":""},"class_list":["post-154","page","type-page","status-publish","hentry"],"yoast_head":"<!-- This site is optimized with the Yoast SEO plugin v16.6.1 - https:\/\/yoast.com\/wordpress\/plugins\/seo\/ -->\n<meta name=\"description\" content=\"Mentions l\u00e9gales | Tous les droits r\u00e9serv\u00e9s \u00e0 la Maison Eric ROY | Auxerre Cr\u00e9ation COMMUNIK&amp;VOUS agence de communication Web \u00e0 Auxerre dans l&#039;Yonne\" \/>\n<meta name=\"robots\" content=\"index, follow, max-snippet:-1, max-image-preview:large, max-video-preview:-1\" \/>\n<meta property=\"og:locale\" content=\"fr_FR\" \/>\n<meta property=\"og:type\" content=\"article\" \/>\n<meta property=\"og:title\" content=\"Mentions l\u00e9gales | Maison Eric ROY |\u00a0Boulangerie P\u00e2tisserie Chocolaterie | Auxerre\" \/>\n<meta property=\"og:description\" content=\"Mentions l\u00e9gales | Tous les droits r\u00e9serv\u00e9s \u00e0 la Maison Eric ROY | Auxerre Cr\u00e9ation COMMUNIK&amp;VOUS agence de communication Web \u00e0 Auxerre dans l&#039;Yonne\" \/>\n<meta property=\"og:url\" content=\"https:\/\/eric-roy.eu\/index.php\/mentions-legales\/\" \/>\n<meta property=\"og:site_name\" content=\"Maison ROY\" \/>\n<meta property=\"article:modified_time\" content=\"2017-11-29T16:18:03+00:00\" \/>\n<meta name=\"twitter:card\" content=\"summary\" \/>\n<meta name=\"twitter:label1\" content=\"Dur\u00e9e de lecture est.\" \/>\n\t<meta name=\"twitter:data1\" content=\"2 minutes\" \/>\n<script type=\"application\/ld+json\" class=\"yoast-schema-graph\">{\"@context\":\"https:\/\/schema.org\",\"@graph\":[{\"@type\":\"WebSite\",\"@id\":\"https:\/\/eric-roy.eu\/#website\",\"url\":\"https:\/\/eric-roy.eu\/\",\"name\":\"Maison ROY\",\"description\":\"Tradition et Qualit\\u00e9\",\"potentialAction\":[{\"@type\":\"SearchAction\",\"target\":{\"@type\":\"EntryPoint\",\"urlTemplate\":\"https:\/\/eric-roy.eu\/?s={search_term_string}\"},\"query-input\":\"required name=search_term_string\"}],\"inLanguage\":\"fr-FR\"},{\"@type\":\"WebPage\",\"@id\":\"https:\/\/eric-roy.eu\/index.php\/mentions-legales\/#webpage\",\"url\":\"https:\/\/eric-roy.eu\/index.php\/mentions-legales\/\",\"name\":\"Mentions l\\u00e9gales | Maison Eric ROY |\\u00a0Boulangerie P\\u00e2tisserie Chocolaterie | Auxerre\",\"isPartOf\":{\"@id\":\"https:\/\/eric-roy.eu\/#website\"},\"datePublished\":\"2014-06-02T08:13:59+00:00\",\"dateModified\":\"2017-11-29T16:18:03+00:00\",\"description\":\"Mentions l\\u00e9gales | Tous les droits r\\u00e9serv\\u00e9s \\u00e0 la Maison Eric ROY | Auxerre Cr\\u00e9ation COMMUNIK&VOUS agence de communication Web \\u00e0 Auxerre dans l'Yonne\",\"breadcrumb\":{\"@id\":\"https:\/\/eric-roy.eu\/index.php\/mentions-legales\/#breadcrumb\"},\"inLanguage\":\"fr-FR\",\"potentialAction\":[{\"@type\":\"ReadAction\",\"target\":[\"https:\/\/eric-roy.eu\/index.php\/mentions-legales\/\"]}]},{\"@type\":\"BreadcrumbList\",\"@id\":\"https:\/\/eric-roy.eu\/index.php\/mentions-legales\/#breadcrumb\",\"itemListElement\":[{\"@type\":\"ListItem\",\"position\":1,\"name\":\"Accueil\",\"item\":\"https:\/\/eric-roy.eu\/\"},{\"@type\":\"ListItem\",\"position\":2,\"name\":\"Mentions l\\u00e9gales\"}]}]}<\/script>\n<!-- \/ Yoast SEO plugin. -->","_links":{"self":[{"href":"https:\/\/eric-roy.eu\/index.php\/wp-json\/wp\/v2\/pages\/154","targetHints":{"allow":["GET"]}}],"collection":[{"href":"https:\/\/eric-roy.eu\/index.php\/wp-json\/wp\/v2\/pages"}],"about":[{"href":"https:\/\/eric-roy.eu\/index.php\/wp-json\/wp\/v2\/types\/page"}],"author":[{"embeddable":true,"href":"https:\/\/eric-roy.eu\/index.php\/wp-json\/wp\/v2\/users\/1"}],"replies":[{"embeddable":true,"href":"https:\/\/eric-roy.eu\/index.php\/wp-json\/wp\/v2\/comments?post=154"}],"version-history":[{"count":6,"href":"https:\/\/eric-roy.eu\/index.php\/wp-json\/wp\/v2\/pages\/154\/revisions"}],"predecessor-version":[{"id":721,"href":"https:\/\/eric-roy.eu\/index.php\/wp-json\/wp\/v2\/pages\/154\/revisions\/721"}],"wp:attachment":[{"href":"https:\/\/eric-roy.eu\/index.php\/wp-json\/wp\/v2\/media?parent=154"}],"curies":[{"name":"wp","href":"https:\/\/api.w.org\/{rel}","templated":true}]}}