{"id":352,"date":"2014-06-27T09:11:17","date_gmt":"2014-06-27T09:11:17","guid":{"rendered":"http:\/\/pixelgrade.com\/demos\/rosa2\/?page_id=352"},"modified":"2025-07-25T11:09:35","modified_gmt":"2025-07-25T09:09:35","slug":"boulangerie","status":"publish","type":"page","link":"https:\/\/eric-roy.eu\/index.php\/boulangerie\/","title":{"rendered":"Boulangerie"},"content":{"rendered":"<h3 style=\"text-align: center;\">Ici tout est fait maison<\/h3>\n<p style=\"text-align: center;\">Telle une \u00a0\u00e9vidence, la Maison ROY met un point d&#8217;honneur \u00e0 fabriquer ses produits Maison, un savoir faire garantissant <em>&#8220;la r\u00e9gularit\u00e9 dans l&#8217;excellence&#8221;<\/em> afin de satisfaire et fid\u00e9liser leur client\u00e8le.<\/p>\n<p style=\"text-align: center;\">Artisan boulanger, un savoir faire et une passion qui s&#8217;exprime \u00e0 chaque \u00e9tape de la fabrication.<\/p>\n","protected":false},"excerpt":{"rendered":"<p>Ici tout est fait maison Telle une \u00a0\u00e9vidence, la Maison ROY met un point d&#8217;honneur \u00e0 fabriquer ses produits Maison, un savoir faire garantissant &#8220;la r\u00e9gularit\u00e9 dans l&#8217;excellence&#8221; afin de satisfaire et fid\u00e9liser leur client\u00e8le. Artisan boulanger, un savoir faire et une passion qui s&#8217;exprime \u00e0 chaque \u00e9tape de la fabrication.<\/p>\n","protected":false},"author":1,"featured_media":1044,"parent":0,"menu_order":0,"comment_status":"closed","ping_status":"closed","template":"","meta":{"_exactmetrics_skip_tracking":false,"_exactmetrics_sitenote_active":false,"_exactmetrics_sitenote_note":"","_exactmetrics_sitenote_category":0,"footnotes":""},"class_list":["post-352","page","type-page","status-publish","has-post-thumbnail","hentry"],"yoast_head":"<!-- This site is optimized with the Yoast SEO plugin v16.6.1 - https:\/\/yoast.com\/wordpress\/plugins\/seo\/ -->\n<meta name=\"description\" content=\"Boulangerie | Bienvenue \u00e0 la Maison Eric ROY, Boulangerie P\u00e2tisserie Chocolaterie. Deux boutiques situ\u00e9es \u00e0 Auxerre dans l&#039;Yonne : salon de th\u00e9 et r\u00e9ception\" \/>\n<meta name=\"robots\" content=\"index, follow, max-snippet:-1, max-image-preview:large, max-video-preview:-1\" \/>\n<meta property=\"og:locale\" content=\"fr_FR\" \/>\n<meta property=\"og:type\" content=\"article\" \/>\n<meta property=\"og:title\" content=\"Boulangerie | Maison Eric ROY | Auxerre | Yonne | Bourgogne\" \/>\n<meta property=\"og:description\" content=\"Boulangerie | Bienvenue \u00e0 la Maison Eric ROY, Boulangerie P\u00e2tisserie Chocolaterie. Deux boutiques situ\u00e9es \u00e0 Auxerre dans l&#039;Yonne : salon de th\u00e9 et r\u00e9ception\" \/>\n<meta property=\"og:url\" content=\"https:\/\/eric-roy.eu\/index.php\/boulangerie\/\" \/>\n<meta property=\"og:site_name\" content=\"Maison ROY\" \/>\n<meta property=\"article:modified_time\" content=\"2025-07-25T09:09:35+00:00\" \/>\n<meta property=\"og:image\" content=\"https:\/\/eric-roy.eu\/wp-content\/uploads\/2017\/11\/patisserie-roy-auxerre-boulangerie-pain-1-1.jpg\" \/>\n\t<meta property=\"og:image:width\" content=\"800\" \/>\n\t<meta property=\"og:image:height\" content=\"540\" \/>\n<meta name=\"twitter:card\" content=\"summary\" \/>\n<script type=\"application\/ld+json\" class=\"yoast-schema-graph\">{\"@context\":\"https:\/\/schema.org\",\"@graph\":[{\"@type\":\"WebSite\",\"@id\":\"https:\/\/eric-roy.eu\/#website\",\"url\":\"https:\/\/eric-roy.eu\/\",\"name\":\"Maison ROY\",\"description\":\"Tradition et Qualit\\u00e9\",\"potentialAction\":[{\"@type\":\"SearchAction\",\"target\":{\"@type\":\"EntryPoint\",\"urlTemplate\":\"https:\/\/eric-roy.eu\/?s={search_term_string}\"},\"query-input\":\"required name=search_term_string\"}],\"inLanguage\":\"fr-FR\"},{\"@type\":\"ImageObject\",\"@id\":\"https:\/\/eric-roy.eu\/index.php\/boulangerie\/#primaryimage\",\"inLanguage\":\"fr-FR\",\"url\":\"https:\/\/eric-roy.eu\/wp-content\/uploads\/2017\/11\/patisserie-roy-auxerre-boulangerie-pain-1-1.jpg\",\"contentUrl\":\"https:\/\/eric-roy.eu\/wp-content\/uploads\/2017\/11\/patisserie-roy-auxerre-boulangerie-pain-1-1.jpg\",\"width\":800,\"height\":540},{\"@type\":\"WebPage\",\"@id\":\"https:\/\/eric-roy.eu\/index.php\/boulangerie\/#webpage\",\"url\":\"https:\/\/eric-roy.eu\/index.php\/boulangerie\/\",\"name\":\"Boulangerie | Maison Eric ROY | Auxerre | Yonne | Bourgogne\",\"isPartOf\":{\"@id\":\"https:\/\/eric-roy.eu\/#website\"},\"primaryImageOfPage\":{\"@id\":\"https:\/\/eric-roy.eu\/index.php\/boulangerie\/#primaryimage\"},\"datePublished\":\"2014-06-27T09:11:17+00:00\",\"dateModified\":\"2025-07-25T09:09:35+00:00\",\"description\":\"Boulangerie | Bienvenue \\u00e0 la Maison Eric ROY, Boulangerie P\\u00e2tisserie Chocolaterie. Deux boutiques situ\\u00e9es \\u00e0 Auxerre dans l'Yonne : salon de th\\u00e9 et r\\u00e9ception\",\"breadcrumb\":{\"@id\":\"https:\/\/eric-roy.eu\/index.php\/boulangerie\/#breadcrumb\"},\"inLanguage\":\"fr-FR\",\"potentialAction\":[{\"@type\":\"ReadAction\",\"target\":[\"https:\/\/eric-roy.eu\/index.php\/boulangerie\/\"]}]},{\"@type\":\"BreadcrumbList\",\"@id\":\"https:\/\/eric-roy.eu\/index.php\/boulangerie\/#breadcrumb\",\"itemListElement\":[{\"@type\":\"ListItem\",\"position\":1,\"name\":\"Accueil\",\"item\":\"https:\/\/eric-roy.eu\/\"},{\"@type\":\"ListItem\",\"position\":2,\"name\":\"Boulangerie\"}]}]}<\/script>\n<!-- \/ Yoast SEO plugin. -->","_links":{"self":[{"href":"https:\/\/eric-roy.eu\/index.php\/wp-json\/wp\/v2\/pages\/352","targetHints":{"allow":["GET"]}}],"collection":[{"href":"https:\/\/eric-roy.eu\/index.php\/wp-json\/wp\/v2\/pages"}],"about":[{"href":"https:\/\/eric-roy.eu\/index.php\/wp-json\/wp\/v2\/types\/page"}],"author":[{"embeddable":true,"href":"https:\/\/eric-roy.eu\/index.php\/wp-json\/wp\/v2\/users\/1"}],"replies":[{"embeddable":true,"href":"https:\/\/eric-roy.eu\/index.php\/wp-json\/wp\/v2\/comments?post=352"}],"version-history":[{"count":9,"href":"https:\/\/eric-roy.eu\/index.php\/wp-json\/wp\/v2\/pages\/352\/revisions"}],"predecessor-version":[{"id":1922,"href":"https:\/\/eric-roy.eu\/index.php\/wp-json\/wp\/v2\/pages\/352\/revisions\/1922"}],"wp:featuredmedia":[{"embeddable":true,"href":"https:\/\/eric-roy.eu\/index.php\/wp-json\/wp\/v2\/media\/1044"}],"wp:attachment":[{"href":"https:\/\/eric-roy.eu\/index.php\/wp-json\/wp\/v2\/media?parent=352"}],"curies":[{"name":"wp","href":"https:\/\/api.w.org\/{rel}","templated":true}]}}